{"id":6455,"date":"2024-11-12T19:15:34","date_gmt":"2024-11-12T18:15:34","guid":{"rendered":"https:\/\/www.lycee-charles-nodier-ac-besancon.fr\/wordpress\/?post_type=tribe_events&#038;p=6455"},"modified":"2024-11-12T19:15:34","modified_gmt":"2024-11-12T18:15:34","slug":"journee-portes-ouvertes-bts","status":"publish","type":"tribe_events","link":"https:\/\/www.lycee-charles-nodier-ac-besancon.fr\/wordpress\/event\/journee-portes-ouvertes-bts\/","title":{"rendered":"Journ\u00e9e Portes Ouvertes BTS"},"content":{"rendered":"<p>La journ\u00e9e Portes Ouvertes des BTS du Lyc\u00e9e Nodier aura lieu le samedi 1er f\u00e9vrier 2025 de 9h \u00e0 12h.<\/p>\n","protected":false},"excerpt":{"rendered":"<p>La journ\u00e9e Portes Ouvertes des BTS du Lyc\u00e9e Nodier aura lieu le samedi 1er f\u00e9vrier 2025 de 9h \u00e0 12h.<\/p>\n<p> <a class=\"continue-reading-link\" href=\"https:\/\/www.lycee-charles-nodier-ac-besancon.fr\/wordpress\/event\/journee-portes-ouvertes-bts\/\"><span>Lire la suite<\/span><i class=\"crycon-right-dir\"><\/i><\/a> <\/p>\n","protected":false},"author":2,"featured_media":0,"template":"","meta":{"_tribe_events_status":"","_tribe_events_status_reason":"","footnotes":""},"tags":[],"tribe_events_cat":[101],"coauthors":[164],"class_list":["post-6455","tribe_events","type-tribe_events","status-publish","hentry","tribe_events_cat-journees-portes-ouvertes","cat_journees-portes-ouvertes"],"_links":{"self":[{"href":"https:\/\/www.lycee-charles-nodier-ac-besancon.fr\/wordpress\/wp-json\/wp\/v2\/tribe_events\/6455","targetHints":{"allow":["GET"]}}],"collection":[{"href":"https:\/\/www.lycee-charles-nodier-ac-besancon.fr\/wordpress\/wp-json\/wp\/v2\/tribe_events"}],"about":[{"href":"https:\/\/www.lycee-charles-nodier-ac-besancon.fr\/wordpress\/wp-json\/wp\/v2\/types\/tribe_events"}],"author":[{"embeddable":true,"href":"https:\/\/www.lycee-charles-nodier-ac-besancon.fr\/wordpress\/wp-json\/wp\/v2\/users\/2"}],"version-history":[{"count":1,"href":"https:\/\/www.lycee-charles-nodier-ac-besancon.fr\/wordpress\/wp-json\/wp\/v2\/tribe_events\/6455\/revisions"}],"predecessor-version":[{"id":6456,"href":"https:\/\/www.lycee-charles-nodier-ac-besancon.fr\/wordpress\/wp-json\/wp\/v2\/tribe_events\/6455\/revisions\/6456"}],"wp:attachment":[{"href":"https:\/\/www.lycee-charles-nodier-ac-besancon.fr\/wordpress\/wp-json\/wp\/v2\/media?parent=6455"}],"wp:term":[{"taxonomy":"post_tag","embeddable":true,"href":"https:\/\/www.lycee-charles-nodier-ac-besancon.fr\/wordpress\/wp-json\/wp\/v2\/tags?post=6455"},{"taxonomy":"tribe_events_cat","embeddable":true,"href":"https:\/\/www.lycee-charles-nodier-ac-besancon.fr\/wordpress\/wp-json\/wp\/v2\/tribe_events_cat?post=6455"},{"taxonomy":"author","embeddable":true,"href":"https:\/\/www.lycee-charles-nodier-ac-besancon.fr\/wordpress\/wp-json\/wp\/v2\/coauthors?post=6455"}],"curies":[{"name":"wp","href":"https:\/\/api.w.org\/{rel}","templated":true}]}}

Journée Portes Ouvertes BTS

<p>La journée Portes Ouvertes des BTS du Lycée Nodier aura lieu le samedi 1er février 2025 de 9h à 12h.</p>

<p>La journée Portes Ouvertes des BTS du Lycée Nodier aura lieu le samedi 1er février 2025 de 9h à 12h.</p>
<p> <a class="continue-reading-link" href="https://www.lycee-charles-nodier-ac-besancon.fr/wordpress/event/journee-portes-ouvertes-bts/"><span>Lire la suite</span><i class="crycon-right-dir"></i></a> </p>
